{"id":2150,"date":"2024-09-09T08:10:32","date_gmt":"2024-09-09T08:10:32","guid":{"rendered":"https:\/\/gionggiasuchanoi.com.vn\/?post_type=product&#038;p=2150"},"modified":"2025-11-13T12:45:39","modified_gmt":"2025-11-13T12:45:39","slug":"tinh-bo-bbb-4021","status":"publish","type":"product","link":"https:\/\/gionggiasuchanoi.com.vn\/?product=tinh-bo-bbb-4021","title":{"rendered":"Tinh b\u00f2 BBB 4021"},"content":{"rendered":"<h1>L\u00fd l\u1ecbch b\u00f2 \u0111\u1ef1c gi\u1ed1ng<br \/>\n<img decoding=\"async\" loading=\"lazy\" class=\"aligncenter size-full wp-image-2113\" src=\"http:\/\/gionggiasuchanoi.com.vn\/wp-content\/uploads\/2024\/09\/6.-BBB-4021.png\" alt=\"\" width=\"2000\" height=\"1409\" srcset=\"https:\/\/gionggiasuchanoi.com.vn\/wp-content\/uploads\/2024\/09\/6.-BBB-4021.png 2000w, https:\/\/gionggiasuchanoi.com.vn\/wp-content\/uploads\/2024\/09\/6.-BBB-4021-300x211.png 300w, https:\/\/gionggiasuchanoi.com.vn\/wp-content\/uploads\/2024\/09\/6.-BBB-4021-600x423.png 600w, https:\/\/gionggiasuchanoi.com.vn\/wp-content\/uploads\/2024\/09\/6.-BBB-4021-768x541.png 768w, https:\/\/gionggiasuchanoi.com.vn\/wp-content\/uploads\/2024\/09\/6.-BBB-4021-1536x1082.png 1536w\" sizes=\"(max-width: 2000px) 100vw, 2000px\" \/><\/h1>\n","protected":false},"excerpt":{"rendered":"<h2><span class=\"fontstyle0\" style=\"color: #ff0000\"> S\u1ed0 HI\u1ec6U: BE 464404021<\/span><\/h2>\n<ul>\n<li><span class=\"fontstyle0\">M\u00c0U L\u00d4NG: X\u00c1M KHOANG TR\u1eaeNG<\/span><\/li>\n<li><span class=\"fontstyle0\">GI\u1ed0NG: BBB (BLANC \u2013 BLEU &#8211; BELGE)<\/span><\/li>\n<li><span class=\"fontstyle0\">NG\u00c0Y SINH: 06\/11\/2018<\/span><\/li>\n<li><span class=\"fontstyle0\">N\u01a0I SINH: B\u1ec8<\/span><\/li>\n<li><span class=\"fontstyle0\">KH\u1ed0I L\u01af\u1ee2NG: 1.200 KG<\/span><\/li>\n<li><span class=\"fontstyle0\">B\u1ed0: BE 711274447 (IDEFIX VAN TERBECK)<\/span><\/li>\n<li><span class=\"fontstyle0\">M\u1eb8: BE 556685266 (VERVEINE DE RENUAMONT)<\/span><\/li>\n<\/ul>\n","protected":false},"featured_media":2113,"comment_status":"open","ping_status":"closed","template":"","meta":[],"product_cat":[57,59],"product_tag":[],"_links":{"self":[{"href":"https:\/\/gionggiasuchanoi.com.vn\/index.php?rest_route=\/wp\/v2\/product\/2150"}],"collection":[{"href":"https:\/\/gionggiasuchanoi.com.vn\/index.php?rest_route=\/wp\/v2\/product"}],"about":[{"href":"https:\/\/gionggiasuchanoi.com.vn\/index.php?rest_route=\/wp\/v2\/types\/product"}],"replies":[{"embeddable":true,"href":"https:\/\/gionggiasuchanoi.com.vn\/index.php?rest_route=%2Fwp%2Fv2%2Fcomments&post=2150"}],"wp:featuredmedia":[{"embeddable":true,"href":"https:\/\/gionggiasuchanoi.com.vn\/index.php?rest_route=\/wp\/v2\/media\/2113"}],"wp:attachment":[{"href":"https:\/\/gionggiasuchanoi.com.vn\/index.php?rest_route=%2Fwp%2Fv2%2Fmedia&parent=2150"}],"wp:term":[{"taxonomy":"product_cat","embeddable":true,"href":"https:\/\/gionggiasuchanoi.com.vn\/index.php?rest_route=%2Fwp%2Fv2%2Fproduct_cat&post=2150"},{"taxonomy":"product_tag","embeddable":true,"href":"https:\/\/gionggiasuchanoi.com.vn\/index.php?rest_route=%2Fwp%2Fv2%2Fproduct_tag&post=2150"}],"curies":[{"name":"wp","href":"https:\/\/api.w.org\/{rel}","templated":true}]}}